{"id":10,"date":"2025-01-19T00:07:27","date_gmt":"2025-01-19T00:07:27","guid":{"rendered":"https:\/\/astroia.com.br\/institutomadalena\/?page_id=10"},"modified":"2025-01-20T17:31:33","modified_gmt":"2025-01-20T17:31:33","slug":"contato","status":"publish","type":"page","link":"https:\/\/astroia.com.br\/institutomadalena\/contato\/","title":{"rendered":"Contato"},"content":{"rendered":"\t\t<div data-elementor-type=\"wp-page\" data-elementor-id=\"10\" class=\"elementor elementor-10\">\n\t\t\t\t<div class=\"elementor-element elementor-element-46f7650 e-flex e-con-boxed wpr-particle-no wpr-jarallax-no wpr-parallax-no wpr-sticky-section-no wpr-equal-height-no e-con e-parent\" data-id=\"46f7650\" data-element_type=\"container\" data-e-type=\"container\" data-settings=\"{&quot;background_background&quot;:&quot;classic&quot;}\">\n\t\t\t\t\t<div class=\"e-con-inner\">\n\t\t<div class=\"elementor-element elementor-element-cc14b54 e-con-full e-flex wpr-particle-no wpr-jarallax-no wpr-parallax-no wpr-sticky-section-no wpr-equal-height-no e-con e-child\" data-id=\"cc14b54\" data-element_type=\"container\" data-e-type=\"container\">\n\t\t\t\t<div class=\"elementor-element elementor-element-d2a5011 elementor-widget elementor-widget-image\" data-id=\"d2a5011\" data-element_type=\"widget\" data-e-type=\"widget\" data-widget_type=\"image.default\">\n\t\t\t\t<div class=\"elementor-widget-container\">\n\t\t\t\t\t\t\t\t\t\t\t\t\t\t\t<img fetchpriority=\"high\" decoding=\"async\" width=\"1024\" height=\"1024\" src=\"https:\/\/astroia.com.br\/institutomadalena\/wp-content\/uploads\/2025\/01\/fone-1024x1024.jpg\" class=\"attachment-large size-large wp-image-93\" alt=\"\" srcset=\"https:\/\/astroia.com.br\/institutomadalena\/wp-content\/uploads\/2025\/01\/fone-1024x1024.jpg 1024w, https:\/\/astroia.com.br\/institutomadalena\/wp-content\/uploads\/2025\/01\/fone-300x300.jpg 300w, https:\/\/astroia.com.br\/institutomadalena\/wp-content\/uploads\/2025\/01\/fone-100x100.jpg 100w, https:\/\/astroia.com.br\/institutomadalena\/wp-content\/uploads\/2025\/01\/fone-600x600.jpg 600w, https:\/\/astroia.com.br\/institutomadalena\/wp-content\/uploads\/2025\/01\/fone-150x150.jpg 150w, https:\/\/astroia.com.br\/institutomadalena\/wp-content\/uploads\/2025\/01\/fone-768x768.jpg 768w, https:\/\/astroia.com.br\/institutomadalena\/wp-content\/uploads\/2025\/01\/fone.jpg 1080w\" sizes=\"(max-width: 1024px) 100vw, 1024px\" \/>\t\t\t\t\t\t\t\t\t\t\t\t\t\t\t<\/div>\n\t\t\t\t<\/div>\n\t\t\t\t<\/div>\n\t\t<div class=\"elementor-element elementor-element-073e597 e-con-full e-flex wpr-particle-no wpr-jarallax-no wpr-parallax-no wpr-sticky-section-no wpr-equal-height-no e-con e-child\" data-id=\"073e597\" data-element_type=\"container\" data-e-type=\"container\">\n\t\t\t\t<div class=\"elementor-element elementor-element-fe6c1cc elementor-widget elementor-widget-heading\" data-id=\"fe6c1cc\" data-element_type=\"widget\" data-e-type=\"widget\" data-widget_type=\"heading.default\">\n\t\t\t\t<div class=\"elementor-widget-container\">\n\t\t\t\t\t<h3 class=\"elementor-heading-title elementor-size-default\">Formul\u00e1rio de Contato:<\/h3>\t\t\t\t<\/div>\n\t\t\t\t<\/div>\n\t\t\t\t<div class=\"elementor-element elementor-element-5f11792 elementor-widget elementor-widget-wpforms\" data-id=\"5f11792\" data-element_type=\"widget\" data-e-type=\"widget\" data-widget_type=\"wpforms.default\">\n\t\t\t\t<div class=\"elementor-widget-container\">\n\t\t\t\t\t<div class=\"wpforms-container wpforms-container-full wpforms-render-modern\" id=\"wpforms-89\"><form id=\"wpforms-form-89\" class=\"wpforms-validate wpforms-form wpforms-ajax-form\" data-formid=\"89\" method=\"post\" enctype=\"multipart\/form-data\" action=\"\/institutomadalena\/wp-json\/wp\/v2\/pages\/10\" data-token=\"8ea211f993afdf346311e75b63bed00d\" data-token-time=\"1778679141\"><noscript class=\"wpforms-error-noscript\">Ative o JavaScript no seu navegador para preencher este formul\u00e1rio.<\/noscript><div id=\"wpforms-error-noscript\" style=\"display: none;\">Ative o JavaScript no seu navegador para preencher este formul\u00e1rio.<\/div><div class=\"wpforms-field-container\"><div id=\"wpforms-89-field_4-container\" class=\"wpforms-field wpforms-field-text\" data-field-id=\"4\"><label class=\"wpforms-field-label\" for=\"wpforms-89-field_4\">Nome <span class=\"wpforms-required-label\" aria-hidden=\"true\">*<\/span><\/label><input type=\"text\" id=\"wpforms-89-field_4\" class=\"wpforms-field-medium wpforms-field-required\" name=\"wpforms[fields][4]\" aria-errormessage=\"wpforms-89-field_4-error\" required><\/div><div id=\"wpforms-89-field_2-container\" class=\"wpforms-field wpforms-field-email\" data-field-id=\"2\"><label class=\"wpforms-field-label\" for=\"wpforms-89-field_2\">E-mail <span class=\"wpforms-required-label\" aria-hidden=\"true\">*<\/span><\/label><input type=\"email\" id=\"wpforms-89-field_2\" class=\"wpforms-field-medium wpforms-field-required\" name=\"wpforms[fields][2]\" spellcheck=\"false\" aria-errormessage=\"wpforms-89-field_2-error\" required><\/div>\t\t<div id=\"wpforms-89-field_1-container\"\n\t\t\tclass=\"wpforms-field wpforms-field-text\"\n\t\t\tdata-field-type=\"text\"\n\t\t\tdata-field-id=\"1\"\n\t\t\t>\n\t\t\t<label class=\"wpforms-field-label\" for=\"wpforms-89-field_1\" >ou Coment\u00e1rio Contato<\/label>\n\t\t\t<input type=\"text\" id=\"wpforms-89-field_1\" class=\"wpforms-field-medium\" name=\"wpforms[fields][1]\" >\n\t\t<\/div>\n\t\t<div id=\"wpforms-89-field_5-container\" class=\"wpforms-field wpforms-field-text\" data-field-id=\"5\"><label class=\"wpforms-field-label\" for=\"wpforms-89-field_5\">Telefone de Contato (WhatsApp) <span class=\"wpforms-required-label\" aria-hidden=\"true\">*<\/span><\/label><input type=\"text\" id=\"wpforms-89-field_5\" class=\"wpforms-field-medium wpforms-field-required\" name=\"wpforms[fields][5]\" aria-errormessage=\"wpforms-89-field_5-error\" required><\/div><div id=\"wpforms-89-field_3-container\" class=\"wpforms-field wpforms-field-textarea\" data-field-id=\"3\"><label class=\"wpforms-field-label\" for=\"wpforms-89-field_3\">Coment\u00e1rio ou Mensagem<\/label><textarea id=\"wpforms-89-field_3\" class=\"wpforms-field-medium\" name=\"wpforms[fields][3]\" aria-errormessage=\"wpforms-89-field_3-error\" ><\/textarea><\/div><script>\n\t\t\t\t( function() {\n\t\t\t\t\tconst style = document.createElement( 'style' );\n\t\t\t\t\tstyle.appendChild( document.createTextNode( '#wpforms-89-field_1-container { position: absolute !important; overflow: hidden !important; display: inline !important; height: 1px !important; width: 1px !important; z-index: -1000 !important; padding: 0 !important; } #wpforms-89-field_1-container input { visibility: hidden; } #wpforms-conversational-form-page #wpforms-89-field_1-container label { counter-increment: none; }' ) );\n\t\t\t\t\tdocument.head.appendChild( style );\n\t\t\t\t\tdocument.currentScript?.remove();\n\t\t\t\t} )();\n\t\t\t<\/script><\/div><!-- .wpforms-field-container --><div class=\"wpforms-submit-container\" ><input type=\"hidden\" name=\"wpforms[id]\" value=\"89\"><input type=\"hidden\" name=\"page_title\" value=\"\"><input type=\"hidden\" name=\"page_url\" value=\"https:\/\/astroia.com.br\/institutomadalena\/wp-json\/wp\/v2\/pages\/10\"><input type=\"hidden\" name=\"url_referer\" value=\"\"><button type=\"submit\" name=\"wpforms[submit]\" id=\"wpforms-submit-89\" class=\"wpforms-submit\" data-alt-text=\"Enviando\u2026\" data-submit-text=\"Enviar\" aria-live=\"assertive\" value=\"wpforms-submit\">Enviar<\/button><img decoding=\"async\" data-src=\"https:\/\/astroia.com.br\/institutomadalena\/wp-content\/plugins\/wpforms-lite\/assets\/images\/submit-spin.svg\" class=\"wpforms-submit-spinner lazyload\" style=\"--smush-placeholder-width: 26px; --smush-placeholder-aspect-ratio: 26\/26;display: none;\" width=\"26\" height=\"26\" alt=\"Carregando\" src=\"data:image\/gif;base64,R0lGODlhAQABAAAAACH5BAEKAAEALAAAAAABAAEAAAICTAEAOw==\"><\/div><\/form><\/div>  <!-- .wpforms-container -->\t\t\t\t<\/div>\n\t\t\t\t<\/div>\n\t\t\t\t<\/div>\n\t\t\t\t\t<\/div>\n\t\t\t\t<\/div>\n\t\t\t\t<\/div>\n\t\t","protected":false},"excerpt":{"rendered":"<p>Formul\u00e1rio de Contato: Ative o JavaScript no seu navegador para preencher este formul\u00e1rio.Ative o JavaScript no seu navegador para preencher este formul\u00e1rio.Nome *E-mail *Telefone de Contato (WhatsApp) *Coment\u00e1rio ou Mensagem Enviar<\/p>\n","protected":false},"author":1,"featured_media":0,"parent":0,"menu_order":0,"comment_status":"closed","ping_status":"closed","template":"","meta":{"ocean_post_layout":"","ocean_both_sidebars_style":"","ocean_both_sidebars_content_width":0,"ocean_both_sidebars_sidebars_width":0,"ocean_sidebar":"","ocean_second_sidebar":"","ocean_disable_margins":"enable","ocean_add_body_class":"","ocean_shortcode_before_top_bar":"","ocean_shortcode_after_top_bar":"","ocean_shortcode_before_header":"","ocean_shortcode_after_header":"","ocean_has_shortcode":"","ocean_shortcode_after_title":"","ocean_shortcode_before_footer_widgets":"","ocean_shortcode_after_footer_widgets":"","ocean_shortcode_before_footer_bottom":"","ocean_shortcode_after_footer_bottom":"","ocean_display_top_bar":"default","ocean_display_header":"default","ocean_header_style":"","ocean_center_header_left_menu":"","ocean_custom_header_template":"","ocean_custom_logo":0,"ocean_custom_retina_logo":0,"ocean_custom_logo_max_width":0,"ocean_custom_logo_tablet_max_width":0,"ocean_custom_logo_mobile_max_width":0,"ocean_custom_logo_max_height":0,"ocean_custom_logo_tablet_max_height":0,"ocean_custom_logo_mobile_max_height":0,"ocean_header_custom_menu":"","ocean_menu_typo_font_family":"","ocean_menu_typo_font_subset":"","ocean_menu_typo_font_size":0,"ocean_menu_typo_font_size_tablet":0,"ocean_menu_typo_font_size_mobile":0,"ocean_menu_typo_font_size_unit":"px","ocean_menu_typo_font_weight":"","ocean_menu_typo_font_weight_tablet":"","ocean_menu_typo_font_weight_mobile":"","ocean_menu_typo_transform":"","ocean_menu_typo_transform_tablet":"","ocean_menu_typo_transform_mobile":"","ocean_menu_typo_line_height":0,"ocean_menu_typo_line_height_tablet":0,"ocean_menu_typo_line_height_mobile":0,"ocean_menu_typo_line_height_unit":"","ocean_menu_typo_spacing":0,"ocean_menu_typo_spacing_tablet":0,"ocean_menu_typo_spacing_mobile":0,"ocean_menu_typo_spacing_unit":"","ocean_menu_link_color":"","ocean_menu_link_color_hover":"","ocean_menu_link_color_active":"","ocean_menu_link_background":"","ocean_menu_link_hover_background":"","ocean_menu_link_active_background":"","ocean_menu_social_links_bg":"","ocean_menu_social_hover_links_bg":"","ocean_menu_social_links_color":"","ocean_menu_social_hover_links_color":"","ocean_disable_title":"default","ocean_disable_heading":"default","ocean_post_title":"","ocean_post_subheading":"","ocean_post_title_style":"","ocean_post_title_background_color":"","ocean_post_title_background":0,"ocean_post_title_bg_image_position":"","ocean_post_title_bg_image_attachment":"","ocean_post_title_bg_image_repeat":"","ocean_post_title_bg_image_size":"","ocean_post_title_height":0,"ocean_post_title_bg_overlay":0.5,"ocean_post_title_bg_overlay_color":"","ocean_disable_breadcrumbs":"default","ocean_breadcrumbs_color":"","ocean_breadcrumbs_separator_color":"","ocean_breadcrumbs_links_color":"","ocean_breadcrumbs_links_hover_color":"","ocean_display_footer_widgets":"default","ocean_display_footer_bottom":"default","ocean_custom_footer_template":"","footnotes":""},"class_list":["post-10","page","type-page","status-publish","hentry","entry","owp-thumbs-layout-horizontal","owp-btn-normal","owp-tabs-layout-horizontal","has-no-thumbnails","has-product-nav"],"yoast_head":"<!-- This site is optimized with the Yoast SEO plugin v24.3 - https:\/\/yoast.com\/wordpress\/plugins\/seo\/ -->\n<title>Contato - Instituto Maria Madalena<\/title>\n<meta name=\"robots\" content=\"index, follow, max-snippet:-1, max-image-preview:large, max-video-preview:-1\" \/>\n<link rel=\"canonical\" href=\"https:\/\/astroia.com.br\/institutomadalena\/contato\/\" \/>\n<meta property=\"og:locale\" content=\"pt_BR\" \/>\n<meta property=\"og:type\" content=\"article\" \/>\n<meta property=\"og:title\" content=\"Contato - Instituto Maria Madalena\" \/>\n<meta property=\"og:description\" content=\"Formul\u00e1rio de Contato: Ative o JavaScript no seu navegador para preencher este formul\u00e1rio.Ative o JavaScript no seu navegador para preencher este formul\u00e1rio.Nome *E-mail *Telefone de Contato (WhatsApp) *Coment\u00e1rio ou Mensagem Enviar\" \/>\n<meta property=\"og:url\" content=\"https:\/\/astroia.com.br\/institutomadalena\/contato\/\" \/>\n<meta property=\"og:site_name\" content=\"Instituto Maria Madalena\" \/>\n<meta property=\"article:modified_time\" content=\"2025-01-20T17:31:33+00:00\" \/>\n<meta property=\"og:image\" content=\"https:\/\/astroia.com.br\/institutomadalena\/wp-content\/uploads\/2025\/01\/fone.jpg\" \/>\n\t<meta property=\"og:image:width\" content=\"1080\" \/>\n\t<meta property=\"og:image:height\" content=\"1080\" \/>\n\t<meta property=\"og:image:type\" content=\"image\/jpeg\" \/>\n<meta name=\"twitter:card\" content=\"summary_large_image\" \/>\n<script type=\"application\/ld+json\" class=\"yoast-schema-graph\">{\"@context\":\"https:\/\/schema.org\",\"@graph\":[{\"@type\":\"WebPage\",\"@id\":\"https:\/\/astroia.com.br\/institutomadalena\/contato\/\",\"url\":\"https:\/\/astroia.com.br\/institutomadalena\/contato\/\",\"name\":\"Contato - Instituto Maria Madalena\",\"isPartOf\":{\"@id\":\"https:\/\/astroia.com.br\/institutomadalena\/#website\"},\"primaryImageOfPage\":{\"@id\":\"https:\/\/astroia.com.br\/institutomadalena\/contato\/#primaryimage\"},\"image\":{\"@id\":\"https:\/\/astroia.com.br\/institutomadalena\/contato\/#primaryimage\"},\"thumbnailUrl\":\"https:\/\/astroia.com.br\/institutomadalena\/wp-content\/uploads\/2025\/01\/fone-1024x1024.jpg\",\"datePublished\":\"2025-01-19T00:07:27+00:00\",\"dateModified\":\"2025-01-20T17:31:33+00:00\",\"breadcrumb\":{\"@id\":\"https:\/\/astroia.com.br\/institutomadalena\/contato\/#breadcrumb\"},\"inLanguage\":\"pt-BR\",\"potentialAction\":[{\"@type\":\"ReadAction\",\"target\":[\"https:\/\/astroia.com.br\/institutomadalena\/contato\/\"]}]},{\"@type\":\"ImageObject\",\"inLanguage\":\"pt-BR\",\"@id\":\"https:\/\/astroia.com.br\/institutomadalena\/contato\/#primaryimage\",\"url\":\"https:\/\/astroia.com.br\/institutomadalena\/wp-content\/uploads\/2025\/01\/fone.jpg\",\"contentUrl\":\"https:\/\/astroia.com.br\/institutomadalena\/wp-content\/uploads\/2025\/01\/fone.jpg\",\"width\":1080,\"height\":1080},{\"@type\":\"BreadcrumbList\",\"@id\":\"https:\/\/astroia.com.br\/institutomadalena\/contato\/#breadcrumb\",\"itemListElement\":[{\"@type\":\"ListItem\",\"position\":1,\"name\":\"In\u00edcio\",\"item\":\"https:\/\/astroia.com.br\/institutomadalena\/\"},{\"@type\":\"ListItem\",\"position\":2,\"name\":\"Contato\"}]},{\"@type\":\"WebSite\",\"@id\":\"https:\/\/astroia.com.br\/institutomadalena\/#website\",\"url\":\"https:\/\/astroia.com.br\/institutomadalena\/\",\"name\":\"Instituto Maria Madalena\",\"description\":\"\",\"publisher\":{\"@id\":\"https:\/\/astroia.com.br\/institutomadalena\/#organization\"},\"potentialAction\":[{\"@type\":\"SearchAction\",\"target\":{\"@type\":\"EntryPoint\",\"urlTemplate\":\"https:\/\/astroia.com.br\/institutomadalena\/?s={search_term_string}\"},\"query-input\":{\"@type\":\"PropertyValueSpecification\",\"valueRequired\":true,\"valueName\":\"search_term_string\"}}],\"inLanguage\":\"pt-BR\"},{\"@type\":\"Organization\",\"@id\":\"https:\/\/astroia.com.br\/institutomadalena\/#organization\",\"name\":\"Instituto Maria Madalena\",\"url\":\"https:\/\/astroia.com.br\/institutomadalena\/\",\"logo\":{\"@type\":\"ImageObject\",\"inLanguage\":\"pt-BR\",\"@id\":\"https:\/\/astroia.com.br\/institutomadalena\/#\/schema\/logo\/image\/\",\"url\":\"https:\/\/astroia.com.br\/institutomadalena\/wp-content\/uploads\/2025\/01\/cropped-logo-ist.jpg\",\"contentUrl\":\"https:\/\/astroia.com.br\/institutomadalena\/wp-content\/uploads\/2025\/01\/cropped-logo-ist.jpg\",\"width\":911,\"height\":641,\"caption\":\"Instituto Maria Madalena\"},\"image\":{\"@id\":\"https:\/\/astroia.com.br\/institutomadalena\/#\/schema\/logo\/image\/\"}}]}<\/script>\n<!-- \/ Yoast SEO plugin. -->","yoast_head_json":{"title":"Contato - Instituto Maria Madalena","robots":{"index":"index","follow":"follow","max-snippet":"max-snippet:-1","max-image-preview":"max-image-preview:large","max-video-preview":"max-video-preview:-1"},"canonical":"https:\/\/astroia.com.br\/institutomadalena\/contato\/","og_locale":"pt_BR","og_type":"article","og_title":"Contato - Instituto Maria Madalena","og_description":"Formul\u00e1rio de Contato: Ative o JavaScript no seu navegador para preencher este formul\u00e1rio.Ative o JavaScript no seu navegador para preencher este formul\u00e1rio.Nome *E-mail *Telefone de Contato (WhatsApp) *Coment\u00e1rio ou Mensagem Enviar","og_url":"https:\/\/astroia.com.br\/institutomadalena\/contato\/","og_site_name":"Instituto Maria Madalena","article_modified_time":"2025-01-20T17:31:33+00:00","og_image":[{"width":1080,"height":1080,"url":"https:\/\/astroia.com.br\/institutomadalena\/wp-content\/uploads\/2025\/01\/fone.jpg","type":"image\/jpeg"}],"twitter_card":"summary_large_image","schema":{"@context":"https:\/\/schema.org","@graph":[{"@type":"WebPage","@id":"https:\/\/astroia.com.br\/institutomadalena\/contato\/","url":"https:\/\/astroia.com.br\/institutomadalena\/contato\/","name":"Contato - Instituto Maria Madalena","isPartOf":{"@id":"https:\/\/astroia.com.br\/institutomadalena\/#website"},"primaryImageOfPage":{"@id":"https:\/\/astroia.com.br\/institutomadalena\/contato\/#primaryimage"},"image":{"@id":"https:\/\/astroia.com.br\/institutomadalena\/contato\/#primaryimage"},"thumbnailUrl":"https:\/\/astroia.com.br\/institutomadalena\/wp-content\/uploads\/2025\/01\/fone-1024x1024.jpg","datePublished":"2025-01-19T00:07:27+00:00","dateModified":"2025-01-20T17:31:33+00:00","breadcrumb":{"@id":"https:\/\/astroia.com.br\/institutomadalena\/contato\/#breadcrumb"},"inLanguage":"pt-BR","potentialAction":[{"@type":"ReadAction","target":["https:\/\/astroia.com.br\/institutomadalena\/contato\/"]}]},{"@type":"ImageObject","inLanguage":"pt-BR","@id":"https:\/\/astroia.com.br\/institutomadalena\/contato\/#primaryimage","url":"https:\/\/astroia.com.br\/institutomadalena\/wp-content\/uploads\/2025\/01\/fone.jpg","contentUrl":"https:\/\/astroia.com.br\/institutomadalena\/wp-content\/uploads\/2025\/01\/fone.jpg","width":1080,"height":1080},{"@type":"BreadcrumbList","@id":"https:\/\/astroia.com.br\/institutomadalena\/contato\/#breadcrumb","itemListElement":[{"@type":"ListItem","position":1,"name":"In\u00edcio","item":"https:\/\/astroia.com.br\/institutomadalena\/"},{"@type":"ListItem","position":2,"name":"Contato"}]},{"@type":"WebSite","@id":"https:\/\/astroia.com.br\/institutomadalena\/#website","url":"https:\/\/astroia.com.br\/institutomadalena\/","name":"Instituto Maria Madalena","description":"","publisher":{"@id":"https:\/\/astroia.com.br\/institutomadalena\/#organization"},"potentialAction":[{"@type":"SearchAction","target":{"@type":"EntryPoint","urlTemplate":"https:\/\/astroia.com.br\/institutomadalena\/?s={search_term_string}"},"query-input":{"@type":"PropertyValueSpecification","valueRequired":true,"valueName":"search_term_string"}}],"inLanguage":"pt-BR"},{"@type":"Organization","@id":"https:\/\/astroia.com.br\/institutomadalena\/#organization","name":"Instituto Maria Madalena","url":"https:\/\/astroia.com.br\/institutomadalena\/","logo":{"@type":"ImageObject","inLanguage":"pt-BR","@id":"https:\/\/astroia.com.br\/institutomadalena\/#\/schema\/logo\/image\/","url":"https:\/\/astroia.com.br\/institutomadalena\/wp-content\/uploads\/2025\/01\/cropped-logo-ist.jpg","contentUrl":"https:\/\/astroia.com.br\/institutomadalena\/wp-content\/uploads\/2025\/01\/cropped-logo-ist.jpg","width":911,"height":641,"caption":"Instituto Maria Madalena"},"image":{"@id":"https:\/\/astroia.com.br\/institutomadalena\/#\/schema\/logo\/image\/"}}]}},"_links":{"self":[{"href":"https:\/\/astroia.com.br\/institutomadalena\/wp-json\/wp\/v2\/pages\/10","targetHints":{"allow":["GET"]}}],"collection":[{"href":"https:\/\/astroia.com.br\/institutomadalena\/wp-json\/wp\/v2\/pages"}],"about":[{"href":"https:\/\/astroia.com.br\/institutomadalena\/wp-json\/wp\/v2\/types\/page"}],"author":[{"embeddable":true,"href":"https:\/\/astroia.com.br\/institutomadalena\/wp-json\/wp\/v2\/users\/1"}],"replies":[{"embeddable":true,"href":"https:\/\/astroia.com.br\/institutomadalena\/wp-json\/wp\/v2\/comments?post=10"}],"version-history":[{"count":7,"href":"https:\/\/astroia.com.br\/institutomadalena\/wp-json\/wp\/v2\/pages\/10\/revisions"}],"predecessor-version":[{"id":100,"href":"https:\/\/astroia.com.br\/institutomadalena\/wp-json\/wp\/v2\/pages\/10\/revisions\/100"}],"wp:attachment":[{"href":"https:\/\/astroia.com.br\/institutomadalena\/wp-json\/wp\/v2\/media?parent=10"}],"curies":[{"name":"wp","href":"https:\/\/api.w.org\/{rel}","templated":true}]}}